l + 4*l = 96. Calculate the greatest common divisor of l and t.
8
Let q = -37 - 110. Let f be (-1)/6 + q/(-18). What is the highest common factor of f and 20?
4
Let l be -3 + 5 + 444/2. Let o be (-3 + 1)/(-2) + l. Suppose 0 = s + s - 50. Calculate the highest common factor of s and o.
25
Suppose 0 = 4*z - 18 - 186. Let n = 0 + 4. Let w = n + z. Calculate the greatest common divisor of 22 and w.
11
Suppose 3*m - 5*x = 5*m + 25, -5 = 5*m + x. Suppose m*u = -6*u + 432. Calculate the greatest common factor of 8 and u.
8
Let z be (6 - 10) + 4 - -16. Calculate the greatest common factor of z and 3.
1
Let o(d) = -87*d - 51. Let r be o(-1). What is the highest common divisor of 144 and r?
36
Let o be 93/(-6) - 2/(-4). Let u be (5 + o)*(-2)/5. What is the highest common factor of u and 16?
4
Suppose 118 = 4*v - h - 165, 4*h - 92 = -v. Let o = v - 40. Suppose 0 = 5*i - 3*q - 55, 3*q + 31 = 2*i - 0*q. What is the highest common divisor of o and i?
8
Let j(c) = c**3 + 3*c**2 - 2. Let w be j(-2). Suppose -z - w = 0, -4*s + 5*z + 72 - 22 = 0. Let l = 11 - s. What is the highest common divisor of l and 7?
1
Suppose 0 = -6*u + 1018 + 710. What is the greatest common divisor of u and 36?
36
Let z be (-228)/(20/(-5)) - -10. What is the greatest common divisor of z and 3149?
67
Let v = -141 - -155. What is the highest common divisor of v and 8?
2
Let r = 648 - 408. Calculate the greatest common divisor of 8 and r.
8
Let l be 174/15*(-180)/(-24). Calculate the highest common factor of l and 1827.
87
Let n(j) = j**3 + 13*j**2 + 3*j + 1. Let w be n(-13). Let i = w + 94. Suppose 1 = q, -4*d - 12 = -5*d - 4*q. Calculate the greatest common divisor of i and d.
8
Let m(r) = 4*r - 52. Let n = 90 + -74. Let j be m(n). What is the greatest common divisor of j and 6?
6
Let a be 5/(-1)*(-2)/10. Let j be (-3 - -20)*a/1. Suppose -j*i + 21*i = 88. What is the highest common factor of i and 55?
11
Suppose -z = -3*z + 34. Suppose 0 = -13*g + z*g. Suppose 2*x = -g*x + 26. What is the greatest common factor of x and 91?
13
Let f be -1 + (-1)/2*0. Let a be f/((3 - 6)/72). Suppose 4*p - 216 = 3*p. What is the greatest common divisor of p and a?
24
Suppose 2*w + 58 = -0*w. Let t = w - -42. What is the greatest common divisor of t and 52?
13
Let b be ((-280)/(-12))/(-6*3/(-27)). Calculate the greatest common divisor of 14 and b.
7
Let x = -12 - -54. Calculate the greatest common factor of 24 and x.
6
Let i(a) = a - 11. Let r be i(9). Let s be r/(-8) + (-118)/(-8). Let o be (s/(-2))/(1/(-2)). Calculate the highest common divisor of 45 and o.
15
Suppose 17*c - 63 = 15*c + 3*y, -162 = -5*c + 3*y. Calculate the highest common factor of 726 and c.
33
Let x be ((-5)/2*(-12)/(-15))/(-1). Suppose 4*o = x*o + 168. Calculate the highest common factor of o and 21.
21
Suppose 3*i = -y - 4*y + 48, -4*y = i - 16. Calculate the greatest common factor of 176 and i.
16
Let k = 97 - -9. Suppose -3*u + 28 = k. Let o be u/(2 + -4) - 2. Calculate the highest common divisor of o and 121.
11
Suppose 28 = 3*l + 4*b - 61, -3*l = b - 74. Let c = 144 - 29. What is the highest common factor of c and l?
23
Suppose 7*b - 284 - 1179 = 0. Calculate the greatest common divisor of 11 and b.
11
Let i be 138/(-10) - 8/40. Let h = i + 17. Suppose -h*d = 4*n + 2, -2*d + 7*d - 14 = 2*n. Calculate the greatest common divisor of 8 and d.
2
Let d = 408 - 282. Calculate the highest common divisor of d and 14.
14
Let s be 2/((2/(-8))/((-9)/8)). Suppose 0 = 4*h + 20 - 92. What is the greatest common factor of s and h?
9
Suppose -2*g = -8, -2*g = x + 183 - 956. Let j = x + -499. Calculate the greatest common divisor of 38 and j.
38
Suppose 0 = -188*h + 202*h - 4816. Calculate the greatest common factor of 43 and h.
43
Suppose 135*g - 151*g + 128 = 0. Suppose -26 - 38 = -2*w. Calculate the greatest common factor of g and w.
8
Let l be ((-1)/(-3))/((-14)/(-294)). Calculate the greatest common factor of 1 and l.
1
Let t = -15 - -19. Let k(n) = 73*n + 5. Let v be k(t). Suppose 87 = 3*x + 6. Calculate the highest common factor of v and x.
27
Suppose 398 = 2*v - 8. Let n be v/7 + -1 + 0. Calculate the greatest common divisor of 56 and n.
28
Suppose 22*h = 20*h + 2. Let c be (-11 - -16) + (h - 1). What is the greatest common factor of 45 and c?
5
Let f = 1539 + -1489. Calculate the greatest common factor of f and 1350.
50
Let p(f) = -f**2 + 13*f. Suppose r + 3*r - 18 = 2*l, -l = 3*r - 16. Suppose r*x + 26 = 66. Let k be p(x). What is the highest common factor of 8 and k?
8
Suppose 0 = -4*l - 286 + 302. Calculate the highest common factor of 64 and l.
4
Let a = -658 - -676. What is the highest common factor of a and 1746?
18
Let a(z) = 24*z + 3. Let f be a(2). Let n = -17 + f. What is the highest common divisor of n and 238?
34
Let x(i) = i**2 - 6*i + 49. Let v be x(-43). Calculate the highest common factor of 44 and v.
44
Suppose 0 = 12*u - 7*u - 400. Let w(x) = -x**3 + 17*x**2 - 14*x. Let c be w(16). What is the greatest common factor of u and c?
16
Let h be 1/(-3) + 301/129. Let p be -1 + (5 - (-2 + 3)). Suppose h*f - 31 = y, f + p*y + 8 = 27. Calculate the highest common factor of 2 and f.
2
Let k = 14 + -12. Suppose 7*d - k*d = 15. Suppose -2*g - 5*m + 10 + 29 = 0, d*g + 3*m - 45 = 0. Calculate the highest common divisor of g and 12.
12
Suppose -4 = 2*v, c = 4*c - 3*v - 54. Suppose -70 - 26 = -6*g. What is the highest common divisor of g and c?
16
Suppose 0 = 2*h + 5*g - 38, -2*g + 74 - 112 = -3*h. Let p = 4 - 2. What is the highest common divisor of p and h?
2
Let c(l) = l**2 + l - 10. Let o be c(0). Let m(y) = -y - 5. Let x be m(o). What is the highest common factor of x and 35?
5
Let p(h) = 8*h**2 - 2. Let m be p(3). Let v = 31 - 26. Suppose v*d = -2*a + 38, -4*a + 5*d - 21 + 67 = 0. Calculate the greatest common factor of a and m.
14
Let u(g) = 6*g + 179. Let x be u(33). Calculate the greatest common divisor of x and 26.
13
Suppose 10 + 0 = 5*y. Let w be 16*(-3 + y/2). Let n be (0 - -1) + w/(-8). What is the greatest common divisor of 5 and n?
5
Let b(u) = 2*u**2 + 93*u - 335. Let g be b(-50). What is the greatest common factor of g and 45?
15
Let n be ((-8)/(-4) - 2) + -2 + 16. Let t be (-14)/n - -1*3. Calculate the highest common divisor of 6 and t.
2
Let p(i) = i**3 - 6*i**2 + 12. Let s be 4 - 5 - (-3 + 0). Suppose s*l - 6 = l. Let d be p(l). What is the highest common factor of d and 12?
12
Suppose -5*r = 3*w - 56, 4*w - 8*w + 1 = r. What is the highest common factor of r and 65?
13
Suppose -4*f + 3*d + 66 = -f, -3*f + 4*d + 70 = 0. Suppose -a - 2*h = -3*h - 131, 141 = a - 3*h. Calculate the highest common divisor of a and f.
18
Suppose 0 = -2*k + 19*w - 21*w + 40, -2*k = 4*w - 38. What is the greatest common factor of k and 105?
21
Let m be 18/4 - (-1)/(-2). Let x be -29 + 23 - (-9 - -2)*1. Calculate the greatest common divisor of x and m.
1
Let l = -37 + 33. Let d = l - -13. What is the highest common factor of d and 45?
9
Let l be (24/20)/((-2)/5). Let j be (4/l + 2)*36. Let w = 50 + -42. What is the highest common divisor of w and j?
8
Suppose 0 = 394*i - 403*i + 936. What is the greatest common factor of i and 468?
52
Suppose 15*a - 4*a - 1540 = 0. What is the greatest common divisor of 10 and a?
10
Let w = -27 + 39. Let j = 5 - 1. Let v be ((-2)/j)/(1/(-96)). Calculate the greatest common divisor of v and w.
12
Let b(a) = -12*a + 66. Let o be b(0). Suppose -p - 36 = 3*p. Let f be o/p*(-3)/2. Calculate the highest common divisor of f and 88.
11
Let o(a) = -a + 42. Let q be o(11). Let r = 43 - q. What is the greatest common divisor of r and 60?
12
Let m be (-5 + 72 - 3)/1. Let w = -57 + m. What is the highest common divisor of w and 35?
7
Let g = -222 + 250. Calculate the highest common divisor of g and 336.
28
Suppose -2*q + 14 + 24 = 0. Let u = q - 7. Let m = 817 - 814. What is the greatest common factor of u and m?
3
Let g = -532 - -586. What is the greatest common divisor of g and 72?
18
Let v = 18 + -12. Suppose -j = 3*o + 11 + 3, 2*j + 18 = -4*o. Let b be o - -4*35/10. What is the highest common factor of v and b?
3
Suppose 6529 - 16492 = -123*l. What is the greatest common divisor of 396 and l?
9
Let w(q) = -5*q + 5. Let m be w(13). Let z = -58 - m. Calculate the greatest common divisor of 4 and z.
2
Suppose 